 10 = -j + 21. Let f(m) = m**2 - 6*m + 6. Let p be f(y). Let a(h) = -h**3 + 1 + 0*h**3 - h**2 - h**2 - 2*h. What is a(p)?
5
Let t(i) = 15*i + 11. Let b(f) = 7*f + 5. Let h(w) = -13*b(w) + 6*t(w). Determine h(-6).
7
Suppose 16*n - 9*n + 42 = 0. Let l(q) = q**3 + 6*q**2 + q - 4. What is l(n)?
-10
Let c(u) be the second derivative of u**4/12 + 2*u**3/3 + 2*u**2 + 14*u. Determine c(-4).
4
Let p(d) = -d - 3. Suppose 3*x + 35 = 8. Let w be p(x). Let i(q) = q**3 - 7*q**2 + 9*q - 6. Give i(w).
12
Let f(y) = y**3 + 5*y**2 + 2*y + 6. Let n be f(-5). Let k(s) = s**2 + s - 5. Give k(n).
7
Let d be (-744)/168 + (-3)/(-7). Let u(q) = 4*q**2 + 2*q - 8. Let h(t) = 11*t**2 + 6*t - 23. Let r(c) = -3*h(c) + 8*u(c). What is r(d)?
-3
Let f(u) = 4*u + 3*u - 2 - 9*u - 2*u**2 + 3*u**2. What is f(3)?
1
Let d(n) = n**3 + 4*n**2 - 4. Suppose 10 = -3*l - 2. Give d(l).
-4
Let b(i) = -20*i**3 + i - 1. Let k be (0 + 1)*(3 - 4)/(-1). Give b(k).
-20
Let s(w) = -w - 7. Let r be ((-20)/25)/((-4)/10). Suppose -r*m - 30 = 3*m. What is s(m)?
-1
Let n be 0/((-2)/(0 - -2)). Suppose -3*z = 3*b - 6*b - 9, -4*z + 16 = n. Let f be (-2)/(b + (-6)/9). Let s(l) = l + 12. Determine s(f).
6
Let o be (2/3)/(2/15). Let m(i) be the first derivative of -i**3/6 - i**2/2 - 2*i - 3. Let x(h) be the first derivative of m(h). What is x(o)?
-6
Suppose -11*d + 8 = -7*d. Let n(r) = 5*r + 2*r**2 - r**3 - 4*r + d*r**2 + r. Calculate n(4).
8
Let m(w) = -1 + 2 + 3 - 6 - w. Calculate m(6).
-8
Let p(u) = -4*u**2 - 1. Let c(l) = l**2 + l. Let f(k) = 3*c(k) + p(k). Determine f(1).
1
Let c = -7 - -7. Suppose c*t = -5*t. Let z(s) = t*s**2 + 1 + 2*s**2 + 4*s**2 - s**3. What is z(6)?
1
Let y(p) = -3*p**2 - 2*p - 1. Let r be y(-1). Let z be -2 - 1 - r - 4. Let c(a) = a**3 + 5*a**2 - 2*a - 2. Calculate c(z).
8
Let r(p) = p**2 + 3*p. Let n be (-2)/(-4)*(-32)/4. Calculate r(n).
4
Let z = 31 + -29. Let i = -6 - -8. Let w(a) = a**i - 2*a + a**3 + 3*a - 2*a**3 + 2. Give w(z).
0
Let x be 2 + -4 - -3 - -3. Let y(g) = -3 + 1 - x*g + 1 + 7*g. Give y(-2).
-7
Let a(d) = -d**2 + 3*d + 4. Suppose 0 = -4*x - 3 - 1. Let o = 2 - x. Suppose -3*m + 4*m = o. Calculate a(m).
4
Let o(z) be the third derivative of z**4/24 - 2*z**3/3 - 18*z**2. Calculate o(4).
0
Let y(p) be the second derivative of p**3/6 - 5*p**2 - 2*p. Let r(i) = i + 10. Let f be r(-7). Let n = f - 3. Give y(n).
-10
Let j(a) be the third derivative of a**6/120 + 7*a**5/60 + 3*a**4/8 + 4*a**3/3 - 14*a**2. What is j(-6)?
-10
Let o(x) = -x**2 + 4*x + 3. Let i be o(4). Let n = i + -4. Let j(t) be the third derivative of t**5/20 - t**4/24 - t**3/6 - t**2. Determine j(n).
3
Let n(c) = 4*c**2 + 5 - 2*c**2 - c**2 + c. Let b be (-1 + 1)/(39/13). Give n(b).
5
Let j(r) be the second derivative of -1/2*r**3 - 2*r**2 + 0 - 3*r. What is j(-4)?
8
Let i(q) = 14*q + 11*q - 11*q. Calculate i(-1).
-14
Let g(k) = -3*k + 5*k - 4*k + 2. Suppose -2*u = -x, -5*x = -5*u - 3 - 7. Suppose x*o = 3*o + 3. Calculate g(o).
-4
Let z(s) be the second derivative of s**3/6 + 5*s**2/2 - 17*s + 1. Give z(-5).
0
Suppose -2*g + 10 = 3*g. Suppose g*z - 3 - 9 = 0. Let l(j) = 1 + 6 + 3*j - 2 - j**2 - z. Calculate l(2).
1
Suppose 5*b + 4*p - 86 = -0*b, 2*b - 33 = -3*p. Suppose 5*g - b = 2. Suppose g*i + 8 = 2*i. Let x(k) = -k**3 - 3*k**2 + 7*k + 6. Give x(i).
-6
Let y(n) = n + 17. Let b be y(-14). Let t(v) be the second derivative of v**4/12 - 2*v**3/3 + v**2/2 - 4*v. What is t(b)?
-2
Let d(f) = 21*f + 34. Let k(r) = -4*r - 7. Suppose 5*n - n = -44. Let b(v) = n*k(v) - 2*d(v). Calculate b(-6).
-3
Let a(z) = z**3 - 4*z**2 - 5*z - 3. Let h be ((-5 - -1) + -1)*-1. Give a(h).
-3
Let p(d) be the first derivative of d**6/360 - d**5/120 + d**4/8 - 2*d**3/3 - 3. Let l(z) be the third derivative of p(z). Give l(0).
3
Let v(y) = -5*y + 2*y + 0*y + 1 + 4*y. Give v(-2).
-1
Let l(d) = -4*d**3. Let n be 0 - -1 - (-1 - -1). Determine l(n).
-4
Let k(o) = 5*o + 2. Let i(z) be the second derivative of -z**3/6 - 3*z. Let l(v) = 30*i(v) + 5*k(v). Let b(c) = 4*c - 10. Let g(a) = 4*b(a) + 3*l(a). Give g(0).
-10
Let k(z) be the first derivative of -z**4/24 - z**3/2 - z**2 - 3. Let y(b) be the second derivative of k(b). Calculate y(-4).
1
Let l(c) = c**3 + 6*c**2 - 7*c + 6. Let o be l(-7). Let w = 9 - 6. Let y(t) = 4*t - o*t + w*t. Give y(5).
5
Suppose -5*r = -x + 11, x - r + 13 = -4*r. Let s(l) = -l**2 - 5*l - 2. Let m(d) = -d**2 - 5*d - 2. Let o(p) = 5*m(p) - 6*s(p). Determine o(x).
-2
Suppose -5*t + t = 0. Let r(s) = -7*s**3 - 7*s**2 - 7*s - 6. Let n(x) = -x**3 - x**2 - x - 1. Let f(p) = 6*n(p) - r(p). Determine f(t).
0
Let z(t) = -3*t - 1. Let l(w) = w**2 - 5*w - 5. Suppose 0 = -5*i + 6*i - 6. Let a be l(i). Give z(a).
-4
Let h(f) = f**3 + 8*f**2 + 7*f + 4. Suppose 0 = -2*v + q - 34, -4*q = 4*v - 9*q + 74. Let g be -14*(-4)/v*2. Calculate h(g).
4
Let m(r) be the second derivative of -r**5/20 + r**4/12 - r**2/2 - 2*r. Let j be m(-1). Let z = 2 - j. Let f(v) = -7*v. Determine f(z).
-7
Let r(t) = -t - 5*t + 5*t**2 + 2 - 1 + t**3. Suppose 4*c - 5*i = c + 7, 2*c = 3*i + 3. What is r(c)?
1
Let m(t) = -t**2 + 2*t. Let o(f) = f + 1. Let c(a) = -m(a) - 5*o(a). Give c(6).
-11
Let z(h) be the first derivative of h**2 - 4*h + 4. Let u(l) be the second derivative of l**4/3 + l**3/3 + l**2/2 - 3*l. Let j be u(-1). Give z(j).
2
Let v be (2/(-3))/((-4)/6). Let r be (v + 3)*1/(-2). Let x(l) = 0*l**2 + l**2 - 1 + 5*l + 2. What is x(r)?
-5
Let c(k) = k**2 + k - 3. Let z(l) = 2*l**2 + 2*l - 5. Let u(o) = -13*c(o) + 6*z(o). Let v = -1 - -1. Let y = 0 - v. What is u(y)?
9
Let u(j) = -j - 9. Let x = 21 - -2. Let y = x + -32. Let d be u(y). Let q(s) = s**2 - s - 9. What is q(d)?
-9
Let m(a) = 11*a**2 - 3*a. Suppose -13 = -4*w + p, 0*w - 2*w = 5*p + 21. Determine m(w).
38
Suppose 0 = -3*f - 5*v - 11, f + 9 = -2*v - v. Let h(y) = 0*y**2 - 8 + 4*y**3 - 5*y**3 + f + 5*y - 4*y**2. Give h(-5).
-5
Let d(j) = j**3 + 6*j**2 + j + 6. Let c be d(-6). Let r(v) be the second derivative of v**5/20 + 5*v**2/2 + 108*v. Calculate r(c).
5
Let j(a) = -5*a**3 + a**2. Let v(f) = 2 + 7 - f - 3 - 3. Let c be v(2). What is j(c)?
-4
Let y(r) be the third derivative of -r**8/20160 - r**6/360 - r**5/60 + r**2. Let q(x) be the third derivative of y(x). Give q(0).
-2
Let s(r) be the first derivative of -1/4*r**4 - r**3 + r**2 - r - 1. Let l be 25/(-6) + 5/30. What is s(l)?
7
Suppose -4*g = 7*c - 2*c - 20, -15 = 3*g. Suppose -2*b - c + 2 = 0. Let h(w) = w**2 - 2. Let v(f) = f. Let t(j) = -h(j) - 2*v(j). Calculate t(b).
-1
Let g(z) be the second derivative of z**5/20 - z**4/2 + 3*z**2 - 3*z. Suppose -5*d = -0*d + t - 31, -5*d + 28 = -2*t. Calculate g(d).
6
Suppose 2*c + 0*c + 6 = 0. Let m(b) = b. Let i(z) = z**2 - 4*z + 2. Let g(v) = -i(v) - 6*m(v). Determine g(c).
-5
Let f(r) = 2*r**2 - 3*r**2 + 5*r + 2*r + 3 - 3*r. Calculate f(3).
6
Let d(s) = 4 + 1 + 4*s + s - 3*s. Calculate d(-7).
-9
Let a(s) be the second derivative of -s**3/3 - s**2/2 - s. Let h(b) = 1. Let m(z) = a(z) - 3*h(z). Calculate m(-3).
2
Let w(y) be the second derivative of -y**6/240 - y**4/6 - 3*y. Let j(a) be the third derivative of w(a). Determine j(1).
-3
Let b(p) = -7*p**2 - 8*p + 4. Let m(s) = -6*s**2 - 7*s + 4. Let k(r) = 4*b(r) - 5*m(r). Let l be (6/(-8))/((-2)/(-8)). Calculate k(l).
5
Let j(w) = 6*w - 30. Let c be j(4). Let f(h) = 5*h + 5. Let s(z) = -9*z - 10. Let d(a) = -5*f(a) - 3*s(a). Calculate d(c).
-7
Let d(k) = k**2 + 4*k - 8. Suppose -2*r - 1 = 3*i, -2*r = -2*i - 5*r + 6. Let a(j) = j - 2. Let y be a(i). Let l = y + -1. Determine d(l).
4
Suppose -2*n = -18 + 10. Let p(a) = a**2 - 9*a + 1. Calculate p(n).
-19
Let c(b) be the third derivative of 0*b + 0 + 2*b**2 + 1/8*b**4 + 1/6*b**3. Give c(-1).
-2
Let y be 1 - (0 + -4)*(-1)/4. Let d(b) = -b**3 - b - 4. Calculate d(y).
-4
Let o(m) be the second derivative of m**3/3 - 19*m. What is o(-3)?
-6
Let n(a) = -2*a + 2. Suppose -28 = s - 5*s. Suppose -u - s + 10 = 0. Calculate n(u).
-4
Let x(q) = -q + 2. Let m = 21 + -23. Determine x(m).
4
Let w(x) = -x**2 + 9*x + 9. Suppose -2*q + 10 = -0. Let u(y) = y**2 - 10*y - 10. Let c(j) = q*w(j) + 4*u(j). Calculate c(5).
5
Let y be 2*2 + 6/2. Let f(z) = -z**2 + 9*z**2 + 3*z - y*z**2 + 1. Determine f(-2).
-1
Let d(r) = -1. Let a(z) = z**3 + 4*z**2 - 7*z - 4. Let g(v) = -a(v) + 2*d(v). Let x = -12 + 7. Determine g(x).
